d 1359060.
60
Calculate the highest common divisor of 30978339 and 49.
49
What is the greatest common factor of 136303230 and 210?
210
What is the greatest common factor of 220185 and 420?
105
Calculate the greatest common factor of 3959820 and 22500.
180
Calculate the highest common factor of 132 and 3601653.
33
Calculate the greatest common factor of 17602455 and 11115.
3705
Calculate the highest common divisor of 89301126 and 48.
6
What is the greatest common divisor of 12928 and 4242?
202
Calculate the highest common factor of 2316 and 18606744.
2316
What is the highest common factor of 336 and 22544256?
336
What is the greatest common divisor of 198 and 20196726?
66
Calculate the highest common factor of 8476931 and 255.
17
Calculate the highest common factor of 57880188 and 36.
36
Calculate the highest common divisor of 25047 and 928917.
1089
What is the highest common factor of 304742 and 4?
2
What is the greatest common divisor of 1247 and 1052787?
29
What is the greatest common divisor of 1341 and 97297?
149
Calculate the highest common factor of 53175 and 1129437.
2127
Calculate the highest common factor of 2646 and 35779779.
189
Calculate the highest common divisor of 9534 and 6138307.
1589
Calculate the greatest common factor of 146326262 and 62.
62
What is the greatest common divisor of 833435 and 3962?
283
What is the greatest common divisor of 733 and 9105326?
733
Calculate the highest common factor of 2018400 and 165600.
2400
Calculate the highest common divisor of 876 and 23288898.
438
Calculate the highest common factor of 2888152 and 1425.
19
What is the greatest common divisor of 209950 and 79458?
646
What is the highest common factor of 4411 and 50526?
401
What is the greatest common divisor of 8821 and 1007?
1
Calculate the highest common divisor of 24677233 and 7.
7
Calculate the greatest common divisor of 40 and 6457090.
10
What is the highest common factor of 78396 and 4000976?
556
What is the greatest common factor of 11061968 and 268?
268
Calculate the greatest common divisor of 8234 and 43112150.
358
Calculate the greatest common factor of 3507 and 6447.
21
Calculate the greatest common divisor of 199539994 and 1801.
1801
Calculate the highest common factor of 1827973 and 645.
43
Calculate the highest common divisor of 949 and 7934224.
73
Calculate the highest common factor of 23067679 and 1706.
853
Calculate the highest common factor of 350600750 and 7300.
3650
Calculate the highest common divisor of 18009 and 3103812.
783
Calculate the highest common divisor of 8 and 28834616.
8
What is the greatest common divisor of 444374 and 1099?
7
Calculate the greatest common factor of 85452744 and 16728.
408
Calculate the highest common divisor of 16500512 and 38.
38
Calculate the highest common divisor of 3492 and 6436782.
18
What is the greatest common factor of 197670 and 40292334?
3594
What is the highest common divisor of 69417 and 168829?
857
Calculate the highest common divisor of 2704260 and 468.
156
What is the greatest common divisor of 1738 and 140133202?
1738
Calculate the highest common factor of 58885573 and 9164.
2291
Calculate the highest common factor of 202272160 and 1358.
194
Calculate the greatest common factor of 33 and 71847523.
11
Calculate the highest common divisor of 1808571 and 2046.
93
What is the highest common factor of 139539 and 196656?
723
What is the greatest common divisor of 1553694 and 2346?
6
What is the greatest common divisor of 20 and 386278?
2
What is the highest common divisor of 57094910 and 580?
290
Calculate the greatest common factor of 3297 and 14911389.
471
Calculate the highest common divisor of 2358 and 30461364.
18
What is the greatest common factor of 3442508 and 777675?
10369
What is the greatest common divisor of 48 and 143021640?
24
Calculate the highest common divisor of 186980275 and 44375.
1775
What is the highest common divisor of 87250729 and 2642?
1321
What is the greatest common divisor of 405 and 1934469?
27
Calculate the highest common divisor of 200982082 and 574.
574
What is the highest common factor of 28983376 and 91616?
6544
Calculate the highest common divisor of 99154 and 110.
22
What is the greatest common divisor of 213013 and 9997?
769
Calculate the highest common factor of 64 and 3363946.
2
What is the greatest common factor of 60573156 and 108?
12
What is the highest common factor of 3594 and 72342?
6
Calculate the greatest common divisor of 1011662 and 203912.
718
What is the highest common factor of 1700 and 1734350?
50
Calculate the highest common factor of 76485 and 3945.
15
Calculate the highest common divisor of 593 and 26053.
1
What is the greatest common divisor of 3623776 and 200072?
2248
What is the greatest common divisor of 2686 and 4133438?
158
What is the highest common divisor of 217 and 2152674720?
217
What is the highest common divisor of 38115 and 1323619?
121
What is the highest common divisor of 28 and 525050932?
28
Calculate the greatest common divisor of 701625 and 85875.
375
Calculate the greatest common factor of 5025960 and 150.
30
Calculate the greatest common divisor of 117470 and 346018.
34
Calculate the greatest common factor of 8525 and 87989.
11
What is the highest common divisor of 32557207 and 557?
557
Calculate the highest common factor of 4643450 and 6650.
350
What is the highest common divisor of 594361 and 9685?
149
What is the highest common divisor of 22099 and 76489?
49
Calculate the greatest common divisor of 186034 and 222.
2
What is the greatest common factor of 9761 and 64702037?
227
What is the greatest common factor of 1240213 and 11271?
13
What is the greatest common divisor of 9464325 and 13260?
3315
Calculate the greatest common divisor of 691277 and 779.
19
What is the greatest common factor of 63479496 and 471?
471
What is the greatest common factor of 20145 and 9608145?
255
What is the highest common factor of 236 and 19604107?
59
Calculate the highest common divisor of 4100 and 17661775.
1025
What is the highest common divisor of 184281 and 27318903?
3021
Calculate the highest common divisor of 24740 and 13280.
20
What is the greatest common factor of 38080 and 2358920?
680
Calculate the highest common factor of 349555238 and 6184.
1546
What is the highest common divisor of 98 and 333475478?
98
What is the greatest common divisor of 10885 and 138622652?
2177
What is the greatest common factor of 43 and 1567172152?
43
What is the highest common divisor of 13028906 and 154?
22
Calculate the greatest common factor of 1007 and 58334503.
1007
Calculate the highest common factor of 698900 and 786480.
580
Calculate the greatest common divisor of 59857 and 3213.
119
What is the greatest common factor of 20448 and 2232?
72
Calculate the greatest common divisor of 53856 and 4969899.
1683
Calculate the highest common factor of 317492 and 34776.
644
Calculate the highest common factor of 6081215 and 6055.
35
What is the greatest common divisor of 2688428 and 4?
4
Calculate the greatest common factor of 4112 and 8553988.
1028
What is the greatest common divisor of 1192820 and 1311?
19
What is the highest common factor of 56 and 1473052308?
28
Calculate the highest common factor of 9254 and 2256208486.
9254
Calculate the highest common factor of 1095199 and 10199.
217
What is the greatest common divisor of 1522 and 308376986?
1522
Calculate the greatest common factor of 1035 and 97512111.
207
Calculate the highest common factor of 104 and 50849838.
26
Calculate the greatest common factor of 1300924783 and 883.
883
Calculate the greatest common factor of 187252364 and 52.
52
Calculate the highest common divisor of 1050975 and 5484100.
4325
What is the greatest common factor of 450 and 17123175?
225
What is the greatest common factor of 4 and 3907258?
2
What is the greatest common divisor of 23 and 45191458?
23
What is the greatest common factor of 91368 and 174744?
216
Calculate the highest common divisor of 720 and 2999980.
20
What is the greatest common factor of 2240 and 2163585760?
1120
What is the highest common factor of 1060725 and 39?
3
What is the highest common divisor of 189 and 19119591?
27
What is the highest common factor of 2032 and 127958088?
1016
Calculate the greatest common factor of 128